{"id":171,"date":"2021-08-25T15:01:34","date_gmt":"2021-08-25T15:01:34","guid":{"rendered":"https:\/\/hid.servitrans.co\/?page_id=171"},"modified":"2021-08-25T15:01:35","modified_gmt":"2021-08-25T15:01:35","slug":"tarjetas-de-identificacion","status":"publish","type":"page","link":"https:\/\/hid.servitrans.co\/index.php\/tarjetas-de-identificacion\/","title":{"rendered":"Tarjetas de Identificaci\u00f3n"},"content":{"rendered":"\n<div class=\"wp-block-cover alignfull has-background-dim\"><img loading=\"lazy\" decoding=\"async\" width=\"1920\" height=\"1156\" class=\"wp-block-cover__image-background wp-image-80\" alt=\"\" src=\"https:\/\/hid.servitrans.co\/wp-content\/uploads\/2021\/08\/work-5382501_1920.jpg\" data-object-fit=\"cover\"\/><div class=\"wp-block-cover__inner-container is-layout-flow wp-block-cover-is-layout-flow\">\n<h1 class=\"has-text-align-center wp-block-heading\">Tarjetas de Identificaci\u00f3n<\/h1>\n<\/div><\/div>\n\n\n\n<div style=\"height:51px\" aria-hidden=\"true\" class=\"wp-block-spacer\"><\/div>\n\n\n\n<div class=\"wp-block-columns alignwide is-layout-flex wp-container-core-columns-is-layout-9d6595d7 wp-block-columns-is-layout-flex\">\n<div class=\"wp-block-column is-vertically-aligned-center is-layout-flow wp-block-column-is-layout-flow\" style=\"flex-basis:66.66%\">\n<p class=\"has-text-align-left\">Alto volumen, rendimiento confiable a un costo por tarjeta ultra bajo. Rendimiento de alto volumen El DTC5500LMX todo en uno, directo a la tarjeta (DTC\u00ae) soluci\u00f3n de laminaci\u00f3n e impresi\u00f3n ofrece una producci\u00f3n confiable y de alto volumen a un costo por tarjeta ultra bajo. La soluci\u00f3n es ideal para organizaciones que requieren robustas impresi\u00f3n y laminaci\u00f3n todos los d\u00edas. Esto permite organizaciones conscientes de los costos para emitir tarjetas seguras y duraderas en mayores vol\u00famenes sin sacrificar la calidad.<\/p>\n\n\n\n<p>Dise\u00f1ado para satisfacer las necesidades de corporaciones medianas y grandes, universidades y como instalaciones gubernamentales y sanitarias, DTC5500LMX incluye tarjeta dual est\u00e1ndar tolvas y soporte para alta capacidad, cinta a todo color y consumibles laminados &#8211; manteniendo los costos al m\u00ednimo mientras maximiza la productividad.<\/p>\n\n\n\n<p>Tarjetas de alta durabilidad a una fracci\u00f3n del costo El DTC5500LMX utiliza HID Global innovadora tecnolog\u00eda de laminaci\u00f3n sin desperdicios, eliminando la necesidad del portador est\u00e1ndar pel\u00edcula y n\u00facleo de recogida incluidos en la mayor\u00eda de consumibles de laminaci\u00f3n en el mercado hoy d\u00eda.<\/p>\n<\/div>\n\n\n\n<div class=\"wp-block-column is-vertically-aligned-center is-layout-flow wp-block-column-is-layout-flow\" style=\"flex-basis:33.33%\">\n<figure class=\"wp-block-image alignwide size-full\"><img loading=\"lazy\" decoding=\"async\" width=\"608\" height=\"607\" src=\"https:\/\/hid.servitrans.co\/wp-content\/uploads\/2021\/08\/unnamed.png\" alt=\"\" class=\"wp-image-172\"\/><\/figure>\n<\/div>\n<\/div>\n\n\n\n<div class=\"wp-block-columns alignwide is-layout-flex wp-container-core-columns-is-layout-9d6595d7 wp-block-columns-is-layout-flex\">\n<div class=\"wp-block-column is-layout-flow wp-block-column-is-layout-flow\">\n<p>\u00a0La laminaci\u00f3n avanzada sin desperdicios La tecnolog\u00eda puede reducir sustancialmente la alta el volumen de materiales laminados cuesta tanto como 50%. Utilizando PolyGuard \u2122 sin desperdicios Sobrelaminados LMX, laminaci\u00f3n DTC5500LMX extiende la vida de sus tarjetas al proporcionar el nivel m\u00e1s alto de protecci\u00f3n de cobertura de tarjeta disponible. Ya sea que necesite multifunci\u00f3n, tarjetas inteligentes, gobierno altamente seguro, credenciales, o tarjetas de regalo y de fidelizaci\u00f3n, DTC5500LMX produce consistentemente tarjetas de aspecto profesional, todo el tiempo. Adem\u00e1s, la cobertura laminada DTC5500LMX aumenta la durabilidad de la tarjeta para las credenciales que durar\u00e1. Los sobrelaminados PolyGuard \u2122 LMX est\u00e1n disponibles en tres opciones: claro, hologr\u00e1fico y hologr\u00e1fico personalizado para una mayor seguridad.<\/p>\n<\/div>\n\n\n\n<div class=\"wp-block-column is-layout-flow wp-block-column-is-layout-flow\">\n<figure class=\"wp-block-image size-full\"><img loading=\"lazy\" decoding=\"async\" width=\"1668\" height=\"1968\" src=\"https:\/\/hid.servitrans.co\/wp-content\/uploads\/2021\/08\/02.jpg\" alt=\"\" class=\"wp-image-173\"\/><\/figure>\n<\/div>\n\n\n\n<div class=\"wp-block-column is-layout-flow wp-block-column-is-layout-flow\">\n<p>Tiempo de actividad del sistema sin precedentes y Velocidad de laminaci\u00f3n A diferencia de otras impresoras \/ laminadoras, la DTC5500LMX est\u00e1 listo para laminar en solo segundos con la patente pendiente de HID Global nueva tecnolog\u00eda iON \u2122, que reduce significativamente tiempos de espera. Otros productos de laminaci\u00f3n pueden tardar hasta cinco minutos en calentarse inicialmente; tambi\u00e9n consumen energ\u00eda para mantener la temperatura de laminaci\u00f3n necesaria, incluso cuando no plastifique tarjetas. Con la tecnolog\u00eda iON, el DTC5500LMX ahorra una energ\u00eda considerable ya que su rodillo de laminaci\u00f3n solo est\u00e1 encendido y consumiendo energ\u00eda al plastificar tarjetas.<\/p>\n\n\n\n<p>Las tarjetas se pueden codificar con una empresa \u00fanica o informaci\u00f3n del empleado y programada para trabajar con una variedad de accesos f\u00edsicos sistemas de control, en cualquier parte del mundo. en un paso \u00fanico y fluido, puede optimizar su pedidos, gesti\u00f3n de inventarios y emisi\u00f3n procesos proporcionando el m\u00e1ximo control, flexibilidad y seguridad para su organizaci\u00f3n.<\/p>\n<\/div>\n<\/div>\n\n\n\n<div class=\"wp-block-columns alignwide is-layout-flex wp-container-core-columns-is-layout-9d6595d7 wp-block-columns-is-layout-flex\">\n<div class=\"wp-block-column is-layout-flow wp-block-column-is-layout-flow\">\n<p><strong>Aplicaciones:<\/strong> el DTC5500LMX cumple la promesa de impresi\u00f3n y laminaci\u00f3n de alto volumen y costo ultra bajo por tarjeta.<\/p>\n\n\n\n<p><strong>Sobrelaminados: <\/strong>Cinta color para 500 impresiones por rollo.<\/p>\n\n\n\n<p><strong>Cinta BLK STD:<\/strong> Cinta monocrom\u00e1tica con rendimiento de 3.000 impresiones por rollo.<\/p>\n\n\n\n<p><strong>Laminado Transparente Celar WHL: <\/strong>Disponible para 1000 impresiones.<\/p>\n\n\n\n<p><strong>Laminado Hologr\u00e1fico HOLO WHL: <\/strong>Disponible para 1000 impresiones.<\/p>\n<\/div>\n\n\n\n<div class=\"wp-block-column is-layout-flow wp-block-column-is-layout-flow\">\n<p>Si su organizaci\u00f3n busca imprimir tarjetas de identificaci\u00f3n simples o pasar a multifuncional tarjetas tecnol\u00f3gicas para control de acceso f\u00edsico y m\u00e1s all\u00e1, HID Global ofrece la m\u00e1s amplia rango de identidad segura interoperable Soluciones en el mercado.<\/p>\n\n\n\n<p>Tome la impresi\u00f3n de tarjetas y la laminaci\u00f3n de bajo costo al siguiente nivel Basado en tecnolog\u00eda probada directa a la tarjeta para cada necesidad, desde una foto vibrante y duradera Tarjetas de identificaci\u00f3n multifuncionales y de alta seguridad.\u00a0<\/p>\n<\/div>\n\n\n\n<div class=\"wp-block-column is-layout-flow wp-block-column-is-layout-flow\">\n<figure class=\"wp-block-image size-full\"><img loading=\"lazy\" decoding=\"async\" width=\"752\" height=\"752\" src=\"https:\/\/hid.servitrans.co\/wp-content\/uploads\/2021\/08\/Straight-On-DTC5500LMX-left-angle-lid-open-web-1.png\" alt=\"\" class=\"wp-image-109\"\/><\/figure>\n<\/div>\n<\/div>\n","protected":false},"excerpt":{"rendered":"<p>Alto volumen, rendimiento confiable a un costo por tarjeta ultra bajo. Rendimiento de alto volumen El DTC5500LMX todo en uno, directo a la tarjeta (DTC\u00ae) soluci\u00f3n de laminaci\u00f3n e impresi\u00f3n &#8230;<\/p>\n","protected":false},"author":1,"featured_media":0,"parent":0,"menu_order":0,"comment_status":"closed","ping_status":"closed","template":"","meta":{"footnotes":""},"class_list":["post-171","page","type-page","status-publish","hentry"],"_links":{"self":[{"href":"https:\/\/hid.servitrans.co\/index.php\/wp-json\/wp\/v2\/pages\/171","targetHints":{"allow":["GET"]}}],"collection":[{"href":"https:\/\/hid.servitrans.co\/index.php\/wp-json\/wp\/v2\/pages"}],"about":[{"href":"https:\/\/hid.servitrans.co\/index.php\/wp-json\/wp\/v2\/types\/page"}],"author":[{"embeddable":true,"href":"https:\/\/hid.servitrans.co\/index.php\/wp-json\/wp\/v2\/users\/1"}],"replies":[{"embeddable":true,"href":"https:\/\/hid.servitrans.co\/index.php\/wp-json\/wp\/v2\/comments?post=171"}],"version-history":[{"count":1,"href":"https:\/\/hid.servitrans.co\/index.php\/wp-json\/wp\/v2\/pages\/171\/revisions"}],"predecessor-version":[{"id":174,"href":"https:\/\/hid.servitrans.co\/index.php\/wp-json\/wp\/v2\/pages\/171\/revisions\/174"}],"wp:attachment":[{"href":"https:\/\/hid.servitrans.co\/index.php\/wp-json\/wp\/v2\/media?parent=171"}],"curies":[{"name":"wp","href":"https:\/\/api.w.org\/{rel}","templated":true}]}}